{"id":2315,"date":"2025-05-29T08:31:30","date_gmt":"2025-05-29T08:31:30","guid":{"rendered":"https:\/\/oceansandmore.com\/?page_id=2315"},"modified":"2025-05-29T08:42:12","modified_gmt":"2025-05-29T08:42:12","slug":"informativa-cookie","status":"publish","type":"page","link":"https:\/\/oceansandmore.com\/?page_id=2315","title":{"rendered":"Informativa cookie"},"content":{"rendered":"\n<h2 class=\"wp-block-heading has-text-align-center\"><strong>Informativa sul trattamento dei dati personali \u2013 sito web ai sensi degli Artt. 13 e 14 del Regolamento UE 679\/2016<\/strong><\/h2>\n\n\n\n<h2 class=\"wp-block-heading has-text-align-center\"><strong>General Data Protection Regulation<\/strong><\/h2>\n\n\n\n<div style=\"height:15px\" aria-hidden=\"true\" class=\"wp-block-spacer\"><\/div>\n\n\n\n<p><strong>Secondo le normative indicate il trattamento dei dati sar\u00e0 improntato ai principi di correttezza, liceit\u00e0, trasparenza e tutela della riservatezza e dei diritti dell\u2019utente.<\/strong><\/p>\n\n\n\n<p>Questa informativa per gli utenti\/visitatori che interagiscono con il sito web <a href=\"http:\/\/www.oceansandmore.com\"><strong>www.oceansandmore.com<\/strong><\/a> \u00e8 resa ai sensi del Regolamento UE 2016\/679 relativo \u201calle persone fisiche con riguardo al trattamento dei dati personali nonch\u00e9 alla libera circolazione di tali dati\u201d.<\/p>\n\n\n\n<p>La stessa descrive esclusivamente le modalit\u00e0 di gestione del sito, in riferimento al trattamento dei dati personali degli utenti\/visitatori che lo consultano, e non anche di siti web esterni consultabili dagli utenti cliccando sui link presenti su tale sito. Informazioni aggiuntive potranno essere fornite all&#8217;interno di specifiche sezioni.<\/p>\n\n\n\n<div style=\"height:15px\" aria-hidden=\"true\" class=\"wp-block-spacer\"><\/div>\n\n\n\n<h3 class=\"wp-block-heading\"><strong>1. TITOLARE DEL TRATTAMENTO, RESPONSABILI E CATEGORIE DI INCARICATI<\/strong><\/h3>\n\n\n\n<p><strong>Il Titolare del trattamento dei dati personali \u00e8<\/strong> <strong>OCEANS &amp; MORE DI DELVECCHIO GIANNI &amp; C. S.N.C.<\/strong><strong> nella persona del Suo Legale Rappresentante <\/strong><strong>DELVECCHIO GIANNI<\/strong><strong> con sede in <\/strong><strong>Via Palazzone, 139\/2 \u2013 47042 CESENATICO (FC)<\/strong><strong>.<\/strong><\/p>\n\n\n\n<p>Oltre che dal Titolare, alcune operazioni di trattamento dei dati personali potrebbero essere effettuate anche da eventuali fornitori di servizi digitali. In tale evenienza gli stessi soggetti verranno nominati Responsabili del trattamento. Informazioni relative ai responsabili del trattamento sono agevolmente reperibili inviando un\u2019email all\u2019indirizzo <a href=\"mailto:info@oceansandmore.com\"><strong>info@oceansandmore.com<\/strong><\/a>.<\/p>\n\n\n\n<div style=\"height:15px\" aria-hidden=\"true\" class=\"wp-block-spacer\"><\/div>\n\n\n\n<h3 class=\"wp-block-heading\"><strong>2. TIPOLOGIA DI DATI TRATTATI E FINALITA\u2019 DEL TRATTAMENTO<\/strong><\/h3>\n\n\n\n<h4 class=\"wp-block-heading\"><strong>2.1. Dati di navigazione<\/strong><\/h4>\n\n\n\n<p>I sistemi informatici e gli applicativi dedicati al funzionamento di questo sito web acquisiscono, nel corso del loro normale esercizio, alcuni dati personali la cui trasmissione \u00e8 implicita nell&#8217;uso dei protocolli di comunicazione di Internet. Base giuridica: \u201ctrattamento dati necessari alla navigazione del sito internet\u201d &#8211; Obbligo di contratto \u2013 art. 6 par. 1 lettera b) GDPR. <\/p>\n\n\n\n<p>Si tratta di informazioni che non sono raccolte per essere associate a interessati identificati, ma che per loro stessa natura potrebbero, attraverso elaborazioni ed associazioni con dati detenuti da terzi, permettere di identificare gli utenti\/visitatori.<\/p>\n\n\n\n<p>Tra i dati raccolti sono compresi gli indirizzi IP o i nomi a dominio dei computer utilizzati dagli utenti che si connettono al sito, gli indirizzi in notazione URI (Uniform Resource Identifier) delle risorse richieste, l&#8217;orario della richiesta, il metodo utilizzato nel sottoporre la richiesta al server, la dimensione del file ottenuto in risposta, il codice numerico indicante lo stato della risposta data dal server (buon fine, errore, ecc.) ed altri parametri relativi al sistema operativo e all&#8217;ambiente informatico dell&#8217;utente.<\/p>\n\n\n\n<p>Questi dati vengono trattati al solo fine di ricavare informazioni statistiche aggregate e anonime sull&#8217;uso del sito (accessi allo stesso) e per controllarne il regolare funzionamento.<\/p>\n\n\n\n<p>I dati potrebbero essere utilizzati per l\u2019accertamento di responsabilit\u00e0 in caso di ipotetici reati informatici ai danni del sito.<\/p>\n\n\n\n<p>Durata della conservazione<\/p>\n\n\n\n<p>I dati di navigazione nel rispetto dei principi di liceit\u00e0, limitazione delle finalit\u00e0, minimizzazione dei dati, ai sensi dell&#8217;art. 5 del GDPR, saranno conservati per il tempo necessario al raggiungimento delle finalit\u00e0 tecniche per le quali sono raccolti e trattati, salvo necessit\u00e0 di accertamento di reati da parte dell&#8217;Autorit\u00e0 giudiziaria.<\/p>\n\n\n\n<h4 class=\"wp-block-heading\"><strong>2.2. Dati forniti volontariamente dall&#8217;utente<\/strong><\/h4>\n\n\n\n<p>L&#8217;invio di messaggi di posta elettronica agli indirizzi indicati su questo sito (ad esempio al fine di chiedere informazioni) comporta l\u2019acquisizione dell&#8217;indirizzo del mittente, nonch\u00e9 degli eventuali altri dati personali inseriti nei messaggi. Tali dati saranno trattati unicamente al fine di evadere la richiesta e comunicati a terzi nei soli casi in cui ci\u00f2 sia necessario per l&#8217;adempimento della stessa (es. servizio di spedizione della documentazione richiesta). Base giuridica: \u201ctrattamento dati necessari a rispondere alle domande degli utenti\u201d &#8211; Obbligo di contratto \u2013 art. 6 par. 1 lettera b) GDPR.<\/p>\n\n\n\n<p>Qualora agli utenti\/visitatori sia richiesto, per accedere a determinati servizi, di conferire propri dati personali, sar\u00e0 previamente rilasciata, nelle pagine relative ai singoli servizi, apposita e dettagliata Informativa sul relativo trattamento ai sensi della normativa vigente che specificher\u00e0 limiti, finalit\u00e0 e modalit\u00e0 del trattamento stesso. Ove necessario viene raccolto il consenso dell&#8217;utente informando di volta in volta sulle finalit\u00e0 e sulla facoltativit\u00e0 del conferimento.<\/p>\n\n\n\n<p>Durata della conservazione<\/p>\n\n\n\n<p>I dati comunicati dall&#8217;utente sono conservati per il tempo necessario a gestire le singole richieste, salve eventuali necessit\u00e0 di accertamento di reati da parte dell&#8217;Autorit\u00e0 giudiziaria.<\/p>\n\n\n\n<h4 class=\"wp-block-heading\"><strong>2.3. Cookie e altri sistemi di tracciamento<\/strong><\/h4>\n\n\n\n<h5 class=\"wp-block-heading\"><strong>Descrizione dei cookie<\/strong><\/h5>\n\n\n\n<p>I cookie sono piccoli file di testo che vengono inviati dal sito web visitato dall\u2019utente sul dispositivo dell&#8217;utente stesso (solitamente al browser), dove vengono memorizzati in modo che tale dispositivo possa essere riconosciuto alla successiva visita dell\u2019utente sul sito. Ad ogni visita successiva, infatti, i cookie sono rinviati dal dispositivo dell\u2019utente al sito.<\/p>\n\n\n\n<p>I cookie possono essere \u201cinstallati\u201d (pi\u00f9 precisamente, memorizzati ed acceduti) per\u00f2, non solo dallo stesso gestore del sito visitato dall\u2019utente (cookie di prima parte), ma anche da un sito diverso che \u201cinstalla\u201d cookie per il tramite del primo sito (cookie di terze parti) ed \u00e8 in grado di riconoscerli. Questo accade perch\u00e9 sul sito visitato possono essere presenti elementi (immagini, mappe, suoni, link a pagine web di altri domini, etc) che risiedono su server diversi da quello del sito visitato.<\/p>\n\n\n\n<p><strong>In base alla finalit\u00e0, i cookie si distinguono in cookie tecnici, cookie analitici e cookie di profilazione.<\/strong><\/p>\n\n\n\n<p>I cookie tecnici sono \u201cinstallati\u201d al solo fine di &#8220;effettuare la trasmissione di una comunicazione su una rete di comunicazione elettronica, o nella misura strettamente necessaria al fornitore di un servizio della societ\u00e0 dell&#8217;informazione esplicitamente richiesto dall&#8217;abbonato o dall&#8217;utente a erogare tale servizio&#8221;.<\/p>\n\n\n\n<p>Sono solitamente utilizzati per consentire una navigazione efficiente tra le pagine, memorizzare le preferenze degli utenti (es. dimensione carattere, lingua, paese, etc), memorizzare informazioni su specifiche configurazioni degli utenti stessi, gestirne l\u2019autenticazione, etc. Alcuni di questi cookie (detti essenziali o strictly necessary), come quelli di sessione utilizzati per gestire il carrello nei siti di e-commerce, abilitano funzioni senza le quali non sarebbe possibile effettuare alcune operazioni.<\/p>\n\n\n\n<p>L\u2019utilizzo dei cookie tecnici non richiede il consenso degli utenti. Base giuridica: \u201cObbligo contrattuale in quanto funzionali e necessari\u201d.<\/p>\n\n\n\n<p>I cookie analitici sono utilizzati per elaborare analisi statistiche aggregate sull&#8217;uso e sull&#8217;interazione con il sito da parte dell&#8217;utente previo consenso dell&#8217;utente. Tali cookies sono in grado di identificare l&#8217;utente. Base giuridica: \u201cconsenso\u201d.<\/p>\n\n\n\n<p>I cookie di profilazione servono a tracciare la navigazione dell\u2019utente ed analizzare il suo comportamento ai fini marketing e sono volti a creare profili relativi all&#8217;utente e vengono utilizzati al fine di inviare messaggi pubblicitari in linea con le preferenze manifestate dallo stesso nell&#8217;ambito della navigazione in rete. Tali cookies possono essere installati sul terminale dell\u2019utente solo se questo abbia espresso il proprio consenso con le modalit\u00e0 indicate nel Provvedimento. L&#8217;uso di questi cookie consente di identificare l&#8217;utente attraverso ID e codici derivanti dalla configurazione dei dispositivi utilizzati e di ricondurre allo stesso specifiche azioni o scheni comportamentali ricorrenti. Base giuridica: \u201cconsenso\u201d.<\/p>\n\n\n\n<p>In base alla loro durata, i cookie si distinguono in persistenti, che rimangono memorizzati, fino alla loro scadenza, sul dispositivo dell\u2019utente, salva rimozione da parte di quest\u2019ultimo, e di sessione, che non vengono memorizzati in modo persistente sul dispositivo dell\u2019utente e svaniscono con la chiusura del browser.<\/p>\n\n\n\n<p>Solitamente, i cookie di profilazione sono cookie persistenti.<\/p>\n\n\n\n<p>Il presente sito fa uso di cookie tecnici, per consentire una navigazione sicura ed efficiente sul sito di e monitorarne il funzionamento.<\/p>\n\n\n\n<h5 class=\"wp-block-heading\"><strong>Come si cancellano i cookie<\/strong><\/h5>\n\n\n\n<p>Si segnala che di default quasi tutti i browser web sono impostati per accettare automaticamente i cookie di prima parte. I navigatori possono, in ogni caso, modificare la configurazione predefinita attraverso le impostazioni del browser; la disabilitazione \/ il blocco dei cookie o la loro cancellazione potrebbero per\u00f2 precludere la fruizione ottimale del sito o di alcune aree dello stesso. La modalit\u00e0 di gestione dei cookie dipende dal tipo di browser utilizzato, e spesso dalla specifica versione dello stesso. Di solito, in ogni caso, \u00e8 necessario accedere alle Impostazioni del browser e intervenire sulle regole preimpostate, decidendo quali tipologie di cookie disabilitare e\/o rimuovendo quelli esistenti. Informazioni dettagliate sulla procedura per configurare le impostazioni sui cookie possono essere trovate nelle guide del browser utilizzato (generalmente accessibili da PC mediante il tasto F1 o cliccando sull\u2019icona a forma di punto di interrogativo generalmente presente all\u2019interno del browser stesso). L&#8217;utente pu\u00f2 impostare le preferenze del browser utilizzato in modo da disabilitare permanentemente (fino a diversa configurazione). Di seguito i link per attivare tali funzionalit\u00e0:<\/p>\n\n\n\n<ul class=\"wp-block-list\">\n<li><a href=\"https:\/\/support.google.com\/chrome\/answer\/95647?hl=it&amp;hlrm=fr&amp;hlm=en\">Google Chrome<\/a><\/li>\n\n\n\n<li><a href=\"http:\/\/support.mozilla.org\/it\/kb\/enable-and-disable-cookies-website-preferences\">Mozilla Firefox<\/a><\/li>\n\n\n\n<li><a href=\"https:\/\/support.microsoft.com\/it-it\/windows\/gestire-i-cookie-in-microsoft-edge-visualizzare-consentire-bloccare-eliminare-e-usare-168dab11-0753-043d-7c16-ede5947fc64d#:~:text=tutti%20i%20cookie-,Apri%20il%20browser%20Edge%2C%20seleziona%20Impostazioni%20e%20altro%20nell'angolo,Cancella%20dati%20delle%20esplorazioni%20ora.\">Microsoft Edge<\/a><\/li>\n\n\n\n<li><a href=\"https:\/\/support.microsoft.com\/it-it\/topic\/come-eliminare-i-file-cookie-in-internet-explorer-bca9446f-d873-78de-77ba-d42645fa52fc#:~:text=di%20Windows%20Explorer.-,Fare%20clic%20sul%20pulsante%20Start%2C%20scegliere%20Esegui%2C%20digitare%20inetcpl.,finestra%20di%20dialogo%20Propriet%C3%A0%20Internet%20.\">Microsoft Internet Explorer<\/a><\/li>\n\n\n\n<li><a href=\"http:\/\/www.opera.com\/help\/tutorials\/security\/privacy\/\">Opera<\/a><\/li>\n\n\n\n<li><a href=\"http:\/\/support.apple.com\/guide\/safari\/manage-cookis-and-website-data-sfri11471\/mac\">Apple Safari<\/a><\/li>\n<\/ul>\n\n\n\n<div style=\"height:15px\" aria-hidden=\"true\" class=\"wp-block-spacer\"><\/div>\n\n\n\n<h3 class=\"wp-block-heading\"><strong>3. MODALITA&#8217; DEL TRATTAMENTO<\/strong><\/h3>\n\n\n\n<p>Il trattamento dei dati personali viene effettuato attraverso strumenti automatizzati (ad es. utilizzando procedure e supporti elettronici) e\/o manualmente (ad es. su supporto cartaceo) per il tempo strettamente necessario a conseguire gli scopi per i quali i dati sono stati raccolti e, comunque, in conformit\u00e0 alle disposizioni normative vigenti in materia.<\/p>\n\n\n\n<p>Il trattamento dati sar\u00e0 inoltre effettuato con logiche di organizzazione ed elaborazione strettamente correlate alle finalit\u00e0 stesse e comunque in modo da garantire la sicurezza, l\u2019integrit\u00e0 e la riservatezza dei dati stessi nel rispetto delle misure organizzative, fisiche e logiche previste dalle disposizioni vigenti.<\/p>\n\n\n\n<p><strong>2. TIPOLOGIA DI DATI TRATTATI E FINALITA\u2019 DEL TRATTAMENTO<\/strong><\/p>\n\n\n\n<div style=\"height:15px\" aria-hidden=\"true\" class=\"wp-block-spacer\"><\/div>\n\n\n\n<h3 class=\"wp-block-heading\"><strong>4. FACOLTATIVITA&#8217; DEL CONFERIMENTO DEI DATI<\/strong><\/h3>\n\n\n\n<p>Salvo quanto sopra specificato per i dati di navigazione ed i cookie, il visitatore \u00e8 libero di fornire o meno propri dati personali, come nel caso di richieste di informazioni o di contatto inviate tramite posta elettronica o di richieste di accesso a servizi, utilities ed applicazioni liberamente scelti. Il loro mancato conferimento pu\u00f2 comportare l\u2019impossibilit\u00e0 di ottenere quanto richiesto e pu\u00f2 precludere a&nbsp; <strong>OCEANS &amp; MORE DI DELVECCHIO GIANNI &amp; C. S.N.C.<\/strong> la possibilit\u00e0 di assolvere agli adempimenti contrattuali come previsti dal contratto di mandato.<\/p>\n\n\n\n<h4 class=\"wp-block-heading\"><strong>SICUREZZA DEL TRATTAMENTO<\/strong><\/h4>\n\n\n\n<p>I dati personali trasmessi e conservati per il tempo necessario alle finalit\u00e0 dichiarate sono protetti da specifiche misure di sicurezza tecniche organizzative in riferimento all&#8217;art. 32 del Regolamento, in grado di garantire su base permanente la riservatezza, l&#8217;integrit\u00e0, la disponibilit\u00e0, nonch\u00e9 la capacit\u00e0 di ripristinare tempestivamente la disponibilit\u00e0 e l&#8217;accesso dei dati personali in caso di incidente fisico o tecnico, anche a fronte dei rischi di distruzione, perdita, modifica, divulgazione non autorizzata o dall&#8217;accesso, in modo accidentale o illecito, a dati personali trasmessi, conservati o comunque trattati.<\/p>\n\n\n\n<div style=\"height:15px\" aria-hidden=\"true\" class=\"wp-block-spacer\"><\/div>\n\n\n\n<h3 class=\"wp-block-heading\"><strong>5. DIRITTI DEGLI INTERESSATI<\/strong><\/h3>\n\n\n\n<p>I soggetti cui si riferiscono i dati personali hanno il diritto, in qualunque momento, di ottenere la conferma dell&#8217;esistenza o meno dei medesimi dati e di conoscerne il contenuto e l&#8217;origine, verificarne l&#8217;esattezza o chiederne l&#8217;integrazione o l&#8217;aggiornamento, oppure la rettificazione.<\/p>\n\n\n\n<p>Gli interessati hanno altres\u00ec il diritto di chiedere la cancellazione, la trasformazione in forma anonima o il blocco dei dati che li riguardano, trattati in violazione di legge, nonch\u00e9 di opporsi in ogni caso, per motivi legittimi, al loro trattamento.<\/p>\n\n\n\n<p>Ai sensi dell\u2019Art. 13 GDPR UE i soggetti cui si riferiscono i dati hanno sempre il diritto di conoscere l\u2019identit\u00e0 ed i dati di contatto del Titolare del trattamento e dove necessario del suo rappresentante, i dati di contatto del responsabile della protezione dei dati, le finalit\u00e0 del&nbsp; trattamento cui sono destinati i dati personali nonch\u00e9 la basa giuridica del trattamento, gli interessi legittimi perseguiti dal Titolare del trattamento o da terzi nominati titolari, gli eventuali destinatari o categorie di destinatari di dati personali, il periodo di conservazione dei dati e l\u2019intenzione del Titolare del trattamento di trasferire dati personali a un paese terzo o a una organizzazione internazionale.<\/p>\n\n\n\n<p>I soggetti cui si riferiscono i dati, ai sensi dell\u2019Art. 13 GDPR UE 2016\/679 possono inoltre in qualunque momento esercitare il diritto di:<\/p>\n\n\n\n<ul class=\"wp-block-list\">\n<li>avere accesso ai dati personali;<\/li>\n\n\n\n<li>ottenere la rettifica o la cancellazione degli stessi o la limitazione del trattamento che lo riguardano;<\/li>\n\n\n\n<li>opporsi al trattamento dei dati;<\/li>\n\n\n\n<li>utilizzare la portabilit\u00e0 dei dati;<\/li>\n\n\n\n<li>revocare il consenso in qualsiasi momento senza pregiudicare la liceit\u00e0 del&nbsp;&nbsp;&nbsp;&nbsp;&nbsp; trattamento basata sul consenso conferito prima della revoca;<\/li>\n\n\n\n<li>proporre reclamo ad una autorit\u00e0 di controllo, per l\u2019Italia Garante Privacy;<\/li>\n\n\n\n<li>essere informati riguardo alla possibilit\u00e0 che la comunicazione di dati personali pu\u00f2 essere un obbligo legale o contrattuale oppure un requisito necessario per la conclusione di un contratto, e sapere se l&#8217;interessato ha l&#8217;obbligo di fornire i dati personali nonch\u00e9 le possibili conseguenze della mancata comunicazione di tali dati;<\/li>\n\n\n\n<li>essere informati circa l\u2019esistenza di un processo decisionale automatizzato, compresa la profilazione e in tali casi, ricevere informazioni significative sulla logica utilizzata, nonch\u00e9 sull&#8217;importanza e le conseguenze previste di tale trattamento per l&#8217;interessato.<\/li>\n<\/ul>\n\n\n\n<p><strong>Ai sensi dell\u2019Art. 14 GDPR UE qualora i dati non siano stati ottenuti presso <\/strong><strong>l&#8217;interessato<\/strong>, il Titolare del trattamento fornir\u00e0 all&#8217;interessato le seguenti informazioni:<\/p>\n\n\n\n<ul class=\"wp-block-list\">\n<li>Informazioni generali:\n<ul class=\"wp-block-list\">\n<li>l&#8217;identit\u00e0 e i dati di contatto del Titolare del trattamento e, ove applicabile, del suo rappresentante;<\/li>\n\n\n\n<li>i dati di contatto del responsabile della protezione dei dati, ove applicabile;<\/li>\n\n\n\n<li>le finalit\u00e0 del trattamento cui sono destinati i dati personali nonch\u00e9 la base giuridica del trattamento;<\/li>\n\n\n\n<li>le categorie di dati personali in questione;<\/li>\n\n\n\n<li>gli eventuali destinatari o le eventuali categorie di destinatari dei dati personali;<\/li>\n\n\n\n<li>ove applicabile, l&#8217;intenzione del Titolare del trattamento di trasferire dati personali a un destinatario in un paese terzo e l&#8217;esistenza o l&#8217;assenza di una decisione di adeguatezza della Commissione Europea o nei casi necessari il riferimento alle garanzie adeguate o opportune e i mezzi per ottenere una copia di tali dati o il luogo dove sono stati resi disponibili.<\/li>\n<\/ul>\n<\/li>\n\n\n\n<li>Oltre alle informazioni di cui al paragrafo 1, il Titolare del trattamento fornir\u00e0 all&#8217;interessato le seguenti informazioni necessarie per garantire un trattamento corretto e trasparente nei confronti dell&#8217;interessato:\n<ul class=\"wp-block-list\">\n<li>il periodo di conservazione dei dati personali oppure, se non \u00e8 possibile, i criteri utilizzati per determinare tale periodo;<\/li>\n\n\n\n<li>i legittimi interessi perseguiti dal titolare del trattamento o da terzi;<\/li>\n\n\n\n<li>l&#8217;esistenza del diritto dell&#8217;interessato di chiedere al titolare del trattamento l&#8217;accesso ai dati personali e la rettifica o la cancellazione degli stessi o la limitazione del trattamento dei dati personali che lo riguardano e di opporsi al loro trattamento, oltre al diritto alla portabilit\u00e0 dei dati;<\/li>\n\n\n\n<li>l&#8217;esistenza del diritto di revocare il consenso in qualsiasi momento senza pregiudicare la liceit\u00e0 del trattamento basata sul consenso prima della revoca;<\/li>\n\n\n\n<li>il diritto di proporre reclamo a un&#8217;autorit\u00e0 di controllo, per l\u2019Italia Garante Privacy;<\/li>\n\n\n\n<li>la fonte da cui hanno origine i dati personali e, se del caso, l&#8217;eventualit\u00e0 che i dati provengano da fonti accessibili al pubblico;<\/li>\n\n\n\n<li>l&#8217;esistenza di un processo decisionale automatizzato, compresa la profilazione e, almeno in tali casi, informazioni significative sulla logica utilizzata, nonch\u00e9 l&#8217;importanza e le conseguenze previste di tale trattamento per l&#8217;interessato;<\/li>\n<\/ul>\n<\/li>\n\n\n\n<li>Il Titolare del trattamento fornisce le informazioni di cui ai paragrafi 1 e 2:\n<ul class=\"wp-block-list\">\n<li>entro un termine ragionevole dall&#8217;ottenimento dei dati personali, ma al pi\u00f9 tardi entro un mese, in considerazione delle specifiche circostanze in cui i dati personali sono trattati;<\/li>\n\n\n\n<li>nel caso in cui i dati personali siano destinati alla comunicazione con l&#8217;interessato, al pi\u00f9 tardi al momento della prima comunicazione all&#8217;interessato; oppure nel caso sia prevista la comunicazione ad altro destinatario, non oltre la prima comunicazione dei dati personali.<\/li>\n<\/ul>\n<\/li>\n\n\n\n<li>Qualora il Titolare del trattamento intenda trattare ulteriormente i dati personali per una finalit\u00e0 diversa da quella per cui essi sono stati ottenuti, prima di tale ulteriore trattamento fornir\u00e0 all&#8217;interessato informazioni in merito a tale diversa finalit\u00e0 e ogni informazione pertinente di cui al paragrafo 2.<\/li>\n<\/ul>\n\n\n\n<p>Per qualunque informazione in merito al trattamento dei dati gli utenti possono inviare una e-mail a <a href=\"mailto:info@oceansandmore.com\"><strong>info@oceansandmore.com<\/strong><\/a>.<\/p>\n\n\n\n<div style=\"height:15px\" aria-hidden=\"true\" class=\"wp-block-spacer\"><\/div>\n\n\n\n<p><strong>La presente Privacy Policy \u00e8 soggetta ad aggiornamenti.<\/strong><\/p>\n\n\n\n<p><strong><strong><strong>Ultimo aggiornamento 29\/05\/2025<\/strong><\/strong><\/strong><\/p>\n\n\n\n<div style=\"height:15px\" aria-hidden=\"true\" class=\"wp-block-spacer\"><\/div>\n\n\n\n<details class=\"wp-block-details is-layout-flow wp-block-details-is-layout-flow\"><summary>Scarica l&#8217;informativa cookie in formato PDF<\/summary>\n<div data-wp-interactive=\"core\/file\" class=\"wp-block-file\"><object data-wp-bind--hidden=\"!state.hasPdfPreview\" hidden class=\"wp-block-file__embed\" data=\"https:\/\/oceansandmore.com\/wp-content\/uploads\/2025\/05\/Informativa-cookie.pdf\" type=\"application\/pdf\" style=\"width:100%;height:600px\" aria-label=\"Incorporamento di Informativa cookie..\"><\/object><a id=\"wp-block-file--media-b91f1074-d293-4634-8eaa-614cdc274306\" href=\"https:\/\/oceansandmore.com\/wp-content\/uploads\/2025\/05\/Informativa-cookie.pdf\">Informativa cookie.<\/a><a href=\"https:\/\/oceansandmore.com\/wp-content\/uploads\/2025\/05\/Informativa-cookie.pdf\" class=\"wp-block-file__button wp-element-button\" download aria-describedby=\"wp-block-file--media-b91f1074-d293-4634-8eaa-614cdc274306\">Download<\/a><\/div>\n<\/details>\n","protected":false},"excerpt":{"rendered":"<p>Informativa sul trattamento dei dati personali \u2013 sito web ai sensi degli Artt. 13 e 14 del Regolamento UE 679\/2016 General Data Protection Regulation Secondo le normative indicate il trattamento dei dati sar\u00e0 improntato ai principi di correttezza, liceit\u00e0, trasparenza e tutela della riservatezza e dei diritti dell\u2019utente. Questa informativa per gli utenti\/visitatori che interagiscono [&hellip;]<\/p>\n","protected":false},"author":1,"featured_media":0,"parent":0,"menu_order":0,"comment_status":"closed","ping_status":"closed","template":"","meta":{"footnotes":""},"class_list":["post-2315","page","type-page","status-publish","hentry"],"_links":{"self":[{"href":"https:\/\/oceansandmore.com\/index.php?rest_route=\/wp\/v2\/pages\/2315","targetHints":{"allow":["GET"]}}],"collection":[{"href":"https:\/\/oceansandmore.com\/index.php?rest_route=\/wp\/v2\/pages"}],"about":[{"href":"https:\/\/oceansandmore.com\/index.php?rest_route=\/wp\/v2\/types\/page"}],"author":[{"embeddable":true,"href":"https:\/\/oceansandmore.com\/index.php?rest_route=\/wp\/v2\/users\/1"}],"replies":[{"embeddable":true,"href":"https:\/\/oceansandmore.com\/index.php?rest_route=%2Fwp%2Fv2%2Fcomments&post=2315"}],"version-history":[{"count":6,"href":"https:\/\/oceansandmore.com\/index.php?rest_route=\/wp\/v2\/pages\/2315\/revisions"}],"predecessor-version":[{"id":2324,"href":"https:\/\/oceansandmore.com\/index.php?rest_route=\/wp\/v2\/pages\/2315\/revisions\/2324"}],"wp:attachment":[{"href":"https:\/\/oceansandmore.com\/index.php?rest_route=%2Fwp%2Fv2%2Fmedia&parent=2315"}],"curies":[{"name":"wp","href":"https:\/\/api.w.org\/{rel}","templated":true}]}}