{"id":291,"date":"2019-05-14T09:24:06","date_gmt":"2019-05-14T09:24:06","guid":{"rendered":"https:\/\/www.oceansandmore.com\/wp\/?page_id=291"},"modified":"2020-09-15T11:13:49","modified_gmt":"2020-09-15T11:13:49","slug":"servizi","status":"publish","type":"page","link":"https:\/\/oceansandmore.com\/?page_id=291","title":{"rendered":"Servizi"},"content":{"rendered":"<p>\n<style type=\"text\/css\" data-created_by=\"avia_inline_auto\" id=\"style-css-av-epvub-d41dd8855bed4c71a9a5895b177b6891\">\n.flex_column.av-epvub-d41dd8855bed4c71a9a5895b177b6891{\nborder-radius:0px 0px 0px 0px;\npadding:0px 0px 0px 0px;\n}\n<\/style>\n<div  class='flex_column av-epvub-d41dd8855bed4c71a9a5895b177b6891 av_one_half  avia-builder-el-0  el_before_av_one_half  avia-builder-el-first  first flex_column_div av-zero-column-padding  '     ><p>\n<style type=\"text\/css\" data-created_by=\"avia_inline_auto\" id=\"style-css-av-ehjor-8ecb5e0217d73202598d8be78d1d89fa\">\n#top .av-special-heading.av-ehjor-8ecb5e0217d73202598d8be78d1d89fa{\npadding-bottom:25px;\n}\nbody .av-special-heading.av-ehjor-8ecb5e0217d73202598d8be78d1d89fa .av-special-heading-tag .heading-char{\nfont-size:25px;\n}\n.av-special-heading.av-ehjor-8ecb5e0217d73202598d8be78d1d89fa .av-subheading{\nfont-size:15px;\n}\n<\/style>\n<div  class='av-special-heading av-ehjor-8ecb5e0217d73202598d8be78d1d89fa av-special-heading-h3  avia-builder-el-1  el_before_av_textblock  avia-builder-el-first '><h3 class='av-special-heading-tag '  itemprop=\"headline\"  >CONSULENZA BUSINESS INTELLIGENCE<\/h3><div class=\"special-heading-border\"><div class=\"special-heading-inner-border\"><\/div><\/div><\/div><br \/>\n<section  class='av_textblock_section av-jvnn38jc-c6980654121fd27f725d550e3604b50e '   itemscope=\"itemscope\" itemtype=\"https:\/\/schema.org\/CreativeWork\" ><div class='avia_textblock'  itemprop=\"text\" ><p><span class='av_dropcap2 av-av_dropcap2-21c86f7a1fbddaa06b9d9923710e6bba'>O<\/span><em><strong data-rich-text-format-boundary=\"true\">ceans &#038; More<\/strong><\/em> ha sviluppato esperienza nella gestione applicativa di <strong>business intelligence<\/strong> in materia di:<\/p>\n<\/div><\/section><\/p>\n<div  class='avia-icon-list-container av-jvp1h8f3-3ff312f01bdf8b35057aa354291bb028  avia-builder-el-3  el_after_av_textblock  el_before_av_textblock '><ul class='avia-icon-list avia_animate_when_almost_visible avia-icon-list-left av-iconlist-big av-jvp1h8f3-3ff312f01bdf8b35057aa354291bb028 avia-iconlist-animate'>\n<li><div class='iconlist_icon av-1gsfcj-a311ad7a0165246af76a104f5d11ec98 avia-font-entypo-fontello avia-iconfont avia-font-entypo-fontello'><span class='av-icon-char' data-av_icon='\ue841' data-av_iconfont='entypo-fontello' aria-hidden=\"true\"><\/span><\/div><article class=\"article-icon-entry av-iconlist-empty\"  itemscope=\"itemscope\" itemtype=\"https:\/\/schema.org\/CreativeWork\" ><div class=\"iconlist_content_wrap\"><header class=\"entry-content-header\" aria-label=\"Icona: Decision Support System\"><h4 class='av_iconlist_title iconlist_title  '  itemprop=\"headline\" >Decision Support System<\/h4><\/header><div class='iconlist_content '  itemprop=\"text\" ><\/div><\/div><footer class=\"entry-footer\"><\/footer><\/article><div class=\"iconlist-timeline\"><\/div><\/li>\n<li><div class='iconlist_icon av-17lu43-69bd8a7297c0270f1a4aa25007609444 avia-font-entypo-fontello avia-iconfont avia-font-entypo-fontello'><span class='av-icon-char' data-av_icon='\ue8c5' data-av_iconfont='entypo-fontello' aria-hidden=\"true\"><\/span><\/div><article class=\"article-icon-entry av-iconlist-empty\"  itemscope=\"itemscope\" itemtype=\"https:\/\/schema.org\/CreativeWork\" ><div class=\"iconlist_content_wrap\"><header class=\"entry-content-header\" aria-label=\"Icona: Sistemi di reporting\"><h4 class='av_iconlist_title iconlist_title  '  itemprop=\"headline\" >Sistemi di reporting<\/h4><\/header><div class='iconlist_content '  itemprop=\"text\" ><\/div><\/div><footer class=\"entry-footer\"><\/footer><\/article><div class=\"iconlist-timeline\"><\/div><\/li>\n<li><div class='iconlist_icon av-123mb7-fc8acd15633dc32941cf3c8901156ac7 avia-font-entypo-fontello avia-iconfont avia-font-entypo-fontello'><span class='av-icon-char' data-av_icon='\ue8de' data-av_iconfont='entypo-fontello' aria-hidden=\"true\"><\/span><\/div><article class=\"article-icon-entry av-iconlist-empty\"  itemscope=\"itemscope\" itemtype=\"https:\/\/schema.org\/CreativeWork\" ><div class=\"iconlist_content_wrap\"><header class=\"entry-content-header\" aria-label=\"Icona: Sistemi di misura\"><h4 class='av_iconlist_title iconlist_title  '  itemprop=\"headline\" >Sistemi di misura<\/h4><\/header><div class='iconlist_content '  itemprop=\"text\" ><\/div><\/div><footer class=\"entry-footer\"><\/footer><\/article><div class=\"iconlist-timeline\"><\/div><\/li>\n<li><div class='iconlist_icon av-xry57-ad0c64d676de7cac07ac070e4aef32d7 avia-font-entypo-fontello avia-iconfont avia-font-entypo-fontello'><span class='av-icon-char' data-av_icon='\ue83d' data-av_iconfont='entypo-fontello' aria-hidden=\"true\"><\/span><\/div><article class=\"article-icon-entry av-iconlist-empty\"  itemscope=\"itemscope\" itemtype=\"https:\/\/schema.org\/CreativeWork\" ><div class=\"iconlist_content_wrap\"><header class=\"entry-content-header\" aria-label=\"Icona: Monitoring di eventi\"><h4 class='av_iconlist_title iconlist_title  '  itemprop=\"headline\" >Monitoring di eventi<\/h4><\/header><div class='iconlist_content '  itemprop=\"text\" ><\/div><\/div><footer class=\"entry-footer\"><\/footer><\/article><div class=\"iconlist-timeline\"><\/div><\/li>\n<\/ul><\/div>\n<section  class='av_textblock_section av-jvnn38jc-c6980654121fd27f725d550e3604b50e '   itemscope=\"itemscope\" itemtype=\"https:\/\/schema.org\/CreativeWork\" ><div class='avia_textblock'  itemprop=\"text\" ><p><em><strong>O<\/strong><strong>ceans &#038; More<\/strong><\/em> offre servizi e consulenza per l&#8217;analisi, la progettazione la realizzazione e la manutenzione di applicazioni basate su <strong>business intelligence<\/strong>.<\/p>\n<p><!-- \/wp:post-content --> <!-- wp:paragraph --><\/p>\n<p>Gli specialisti di <strong><em>Oceans &#038; More<\/em><\/strong> sono in grado di gestire progetti <strong>BI<\/strong> in tutte le realt\u00e0 organizzative, da quelle pi\u00f9 semplici a quelle pi\u00f9 complesse, e si caratterizzano per la profonda conoscenza degli aspetti organizzativi ed informativi delle aziende.<\/p>\n<p><!-- \/wp:paragraph --><\/p>\n<\/div><\/section>\n\n<style type=\"text\/css\" data-created_by=\"avia_inline_auto\" id=\"style-css-av-jvnn8eck-c172719ecb1f40bd9791f7888b699424\">\n#top .hr.hr-invisible.av-jvnn8eck-c172719ecb1f40bd9791f7888b699424{\nheight:50px;\n}\n<\/style>\n<div  class='hr av-jvnn8eck-c172719ecb1f40bd9791f7888b699424 hr-invisible  avia-builder-el-5  el_after_av_textblock  el_before_av_textblock '><span class='hr-inner '><span class=\"hr-inner-style\"><\/span><\/span><\/div>\n\n<style type=\"text\/css\" data-created_by=\"avia_inline_auto\" id=\"style-css-av-jvnn66m9-891ec7d11f498289a462b71d08265307\">\n#top .av_textblock_section.av-jvnn66m9-891ec7d11f498289a462b71d08265307 .avia_textblock{\ncolor:#0062a8;\n}\n<\/style>\n<section  class='av_textblock_section av-jvnn66m9-891ec7d11f498289a462b71d08265307 '   itemscope=\"itemscope\" itemtype=\"https:\/\/schema.org\/CreativeWork\" ><div class='avia_textblock av_inherit_color'  itemprop=\"text\" ><blockquote>\n<p><em>Rendi profittabili i tuoi dati! Sono tuoi, hai speso tempo e denaro per\u00a0disporne, ora lascia che ti aiutino e ti diano il giusto impulso per aumentare l&#8217;efficienza della tua azienda.<\/em><\/p>\n<\/blockquote>\n<\/div><\/section>\n\n<style type=\"text\/css\" data-created_by=\"avia_inline_auto\" id=\"style-css-av-jvnn8eck-c172719ecb1f40bd9791f7888b699424\">\n#top .hr.hr-invisible.av-jvnn8eck-c172719ecb1f40bd9791f7888b699424{\nheight:50px;\n}\n<\/style>\n<div  class='hr av-jvnn8eck-c172719ecb1f40bd9791f7888b699424 hr-invisible  avia-builder-el-7  el_after_av_textblock  el_before_av_heading '><span class='hr-inner '><span class=\"hr-inner-style\"><\/span><\/span><\/div>\n\n<style type=\"text\/css\" data-created_by=\"avia_inline_auto\" id=\"style-css-av-buaob-c05e70a5ec4957bef816b6aa029571d6\">\n#top .av-special-heading.av-buaob-c05e70a5ec4957bef816b6aa029571d6{\npadding-bottom:25px;\n}\nbody .av-special-heading.av-buaob-c05e70a5ec4957bef816b6aa029571d6 .av-special-heading-tag .heading-char{\nfont-size:25px;\n}\n.av-special-heading.av-buaob-c05e70a5ec4957bef816b6aa029571d6 .av-subheading{\nfont-size:15px;\n}\n<\/style>\n<div  class='av-special-heading av-buaob-c05e70a5ec4957bef816b6aa029571d6 av-special-heading-h3  avia-builder-el-8  el_after_av_hr  el_before_av_textblock '><h3 class='av-special-heading-tag '  itemprop=\"headline\"  >PROGETTI PERSONALIZZATI<\/h3><div class=\"special-heading-border\"><div class=\"special-heading-inner-border\"><\/div><\/div><\/div>\n<section  class='av_textblock_section av-jvnn38jc-c6980654121fd27f725d550e3604b50e '   itemscope=\"itemscope\" itemtype=\"https:\/\/schema.org\/CreativeWork\" ><div class='avia_textblock'  itemprop=\"text\" ><p><span class='av_dropcap2 av-av_dropcap2-9748a9e7bfa4060cd3cfa8398f0a06a5'>N<\/span>el corso degli anni abbiamo sviluppato le competenze per realizzare ogni tipo di soluzione. Applicazioni standard, applicazioni orientate all&#8217;accesso ai dati, soluzioni web ed applicazioni mobile.<\/p>\n<p>I nostri specialisti sono pronti a recepire le tue specifiche ed implementare la soluzione giusta per te seguendo un modello di lavoro agile e produttivo.<\/p>\n<p><!-- \/wp:paragraph --><\/p>\n<\/div><\/section>\n\n<style type=\"text\/css\" data-created_by=\"avia_inline_auto\" id=\"style-css-av-jvnn8eck-c172719ecb1f40bd9791f7888b699424\">\n#top .hr.hr-invisible.av-jvnn8eck-c172719ecb1f40bd9791f7888b699424{\nheight:50px;\n}\n<\/style>\n<div  class='hr av-jvnn8eck-c172719ecb1f40bd9791f7888b699424 hr-invisible  avia-builder-el-10  el_after_av_textblock  el_before_av_textblock '><span class='hr-inner '><span class=\"hr-inner-style\"><\/span><\/span><\/div>\n\n<style type=\"text\/css\" data-created_by=\"avia_inline_auto\" id=\"style-css-av-jvnn66m9-891ec7d11f498289a462b71d08265307\">\n#top .av_textblock_section.av-jvnn66m9-891ec7d11f498289a462b71d08265307 .avia_textblock{\ncolor:#0062a8;\n}\n<\/style>\n<section  class='av_textblock_section av-jvnn66m9-891ec7d11f498289a462b71d08265307 '   itemscope=\"itemscope\" itemtype=\"https:\/\/schema.org\/CreativeWork\" ><div class='avia_textblock av_inherit_color'  itemprop=\"text\" ><blockquote>\n<p><em>Il mondo \u00e8 bello perch\u00e9 \u00e8 vario! Diffida\u00a0di chi ti vuole omologare. Noi siamo qui per valorizzare la tua diversit\u00e0.<\/em><\/p>\n<\/blockquote>\n<\/div><\/section><\/div>\n\n\n<style type=\"text\/css\" data-created_by=\"avia_inline_auto\" id=\"style-css-av-8igmr-5ebe0c8c74a2b7df59094119c8b1da40\">\n.flex_column.av-8igmr-5ebe0c8c74a2b7df59094119c8b1da40{\nborder-radius:0px 0px 0px 0px;\npadding:0px 0px 0px 0px;\n}\n<\/style>\n<div  class='flex_column av-8igmr-5ebe0c8c74a2b7df59094119c8b1da40 av_one_half  avia-builder-el-12  el_after_av_one_half  el_before_av_hr  flex_column_div av-zero-column-padding  '     ><style type=\"text\/css\" data-created_by=\"avia_inline_auto\" id=\"style-css-av-av_heading-4cedce96f2d6d874b35b3bfcec3f6841\">\n#top .av-special-heading.av-av_heading-4cedce96f2d6d874b35b3bfcec3f6841{\npadding-bottom:25px;\n}\nbody .av-special-heading.av-av_heading-4cedce96f2d6d874b35b3bfcec3f6841 .av-special-heading-tag .heading-char{\nfont-size:25px;\n}\n.av-special-heading.av-av_heading-4cedce96f2d6d874b35b3bfcec3f6841 .av-subheading{\nfont-size:15px;\n}\n<\/style>\n<div  class='av-special-heading av-av_heading-4cedce96f2d6d874b35b3bfcec3f6841 av-special-heading-h3  avia-builder-el-13  el_before_av_textblock  avia-builder-el-first  av-linked-heading'><h3 class='av-special-heading-tag '  itemprop=\"headline\"  >CONSULENZA MICROSOFT .NET<\/h3><div class=\"special-heading-border\"><div class=\"special-heading-inner-border\"><\/div><\/div><\/div>\n<section  class='av_textblock_section av-jvnn47mz-8402980bc15e563c1287fd5592d7244b '   itemscope=\"itemscope\" itemtype=\"https:\/\/schema.org\/CreativeWork\" ><div class='avia_textblock'  itemprop=\"text\" ><p><!-- wp:paragraph --><\/p>\n<p><span class='av_dropcap2 av-av_dropcap2-9748a9e7bfa4060cd3cfa8398f0a06a5'>M<\/span><strong>icrosoft.Net<\/strong> \u00e8 la piattaforma di sviluppo pi\u00f9 completa per realizzare rapidamente applicazioni per\u00a0<strong>Windows<\/strong>, per il web, per dispositivi mobile e web services.<\/p>\n<p><!-- \/wp:paragraph --> <!-- wp:paragraph --><\/p>\n<p><em><strong>Oceans &#038; More<\/strong><\/em> ha al suo interno risorse tecniche specializzate nell&#8217;utilizzo di questa versatile tecnologia, risorse che si occupano di:<\/p>\n<\/div><\/section>\n<div  class='avia-icon-list-container av-jvp1h8f3-3ff312f01bdf8b35057aa354291bb028  avia-builder-el-15  el_after_av_textblock  el_before_av_hr '><ul class='avia-icon-list avia_animate_when_almost_visible avia-icon-list-left av-iconlist-big av-jvp1h8f3-3ff312f01bdf8b35057aa354291bb028 avia-iconlist-animate'>\n<li><div class='iconlist_icon av-rmbqz-315eaa34746e7d6010c0a7b8af81cf72 avia-font-entypo-fontello avia-iconfont avia-font-entypo-fontello'><span class='av-icon-char' data-av_icon='\ue82b' data-av_iconfont='entypo-fontello' aria-hidden=\"true\"><\/span><\/div><article class=\"article-icon-entry av-iconlist-empty\"  itemscope=\"itemscope\" itemtype=\"https:\/\/schema.org\/CreativeWork\" ><div class=\"iconlist_content_wrap\"><header class=\"entry-content-header\" aria-label=\"Icona: Risolvere le problematiche\"><h4 class='av_iconlist_title iconlist_title  '  itemprop=\"headline\" >Risolvere le problematiche<\/h4><\/header><div class='iconlist_content '  itemprop=\"text\" ><\/div><\/div><footer class=\"entry-footer\"><\/footer><\/article><div class=\"iconlist-timeline\"><\/div><\/li>\n<li><div class='iconlist_icon av-j67g3-9b2c69b406bafdb9982729ea6424bab0 avia-font-entypo-fontello avia-iconfont avia-font-entypo-fontello'><span class='av-icon-char' data-av_icon='\ue836' data-av_iconfont='entypo-fontello' aria-hidden=\"true\"><\/span><\/div><article class=\"article-icon-entry av-iconlist-empty\"  itemscope=\"itemscope\" itemtype=\"https:\/\/schema.org\/CreativeWork\" ><div class=\"iconlist_content_wrap\"><header class=\"entry-content-header\" aria-label=\"Icona: Progettare in base alle esigenze del cliente\"><h4 class='av_iconlist_title iconlist_title  '  itemprop=\"headline\" >Progettare in base alle esigenze del cliente<\/h4><\/header><div class='iconlist_content '  itemprop=\"text\" ><\/div><\/div><footer class=\"entry-footer\"><\/footer><\/article><div class=\"iconlist-timeline\"><\/div><\/li>\n<li><div class='iconlist_icon av-e7cej-6f49bb5615bd89749b81c2f127bc04a9 avia-font-entypo-fontello avia-iconfont avia-font-entypo-fontello'><span class='av-icon-char' data-av_icon='\ue80a' data-av_iconfont='entypo-fontello' aria-hidden=\"true\"><\/span><\/div><article class=\"article-icon-entry av-iconlist-empty\"  itemscope=\"itemscope\" itemtype=\"https:\/\/schema.org\/CreativeWork\" ><div class=\"iconlist_content_wrap\"><header class=\"entry-content-header\" aria-label=\"Icona: Realizzare soluzioni su misura\"><h4 class='av_iconlist_title iconlist_title  '  itemprop=\"headline\" >Realizzare soluzioni su misura<\/h4><\/header><div class='iconlist_content '  itemprop=\"text\" ><\/div><\/div><footer class=\"entry-footer\"><\/footer><\/article><div class=\"iconlist-timeline\"><\/div><\/li>\n<li><div class='iconlist_icon av-9wkn7-5f49c00d6ef7fd94509f407fce50872a avia-font-entypo-fontello avia-iconfont avia-font-entypo-fontello'><span class='av-icon-char' data-av_icon='\ue8ac' data-av_iconfont='entypo-fontello' aria-hidden=\"true\"><\/span><\/div><article class=\"article-icon-entry av-iconlist-empty\"  itemscope=\"itemscope\" itemtype=\"https:\/\/schema.org\/CreativeWork\" ><div class=\"iconlist_content_wrap\"><header class=\"entry-content-header\" aria-label=\"Icona: Sviluppare App per mobile\"><h4 class='av_iconlist_title iconlist_title  '  itemprop=\"headline\" >Sviluppare App per mobile<\/h4><\/header><div class='iconlist_content '  itemprop=\"text\" ><\/div><\/div><footer class=\"entry-footer\"><\/footer><\/article><div class=\"iconlist-timeline\"><\/div><\/li>\n<\/ul><\/div>\n\n<style type=\"text\/css\" data-created_by=\"avia_inline_auto\" id=\"style-css-av-jvnn8eck-c172719ecb1f40bd9791f7888b699424\">\n#top .hr.hr-invisible.av-jvnn8eck-c172719ecb1f40bd9791f7888b699424{\nheight:50px;\n}\n<\/style>\n<div  class='hr av-jvnn8eck-c172719ecb1f40bd9791f7888b699424 hr-invisible  avia-builder-el-16  el_after_av_iconlist  el_before_av_textblock '><span class='hr-inner '><span class=\"hr-inner-style\"><\/span><\/span><\/div>\n\n<style type=\"text\/css\" data-created_by=\"avia_inline_auto\" id=\"style-css-av-jvnn6f29-8356fd9bef7fdbf1b580a9483b477d09\">\n#top .av_textblock_section.av-jvnn6f29-8356fd9bef7fdbf1b580a9483b477d09 .avia_textblock{\ncolor:#0062a8;\n}\n<\/style>\n<section  class='av_textblock_section av-jvnn6f29-8356fd9bef7fdbf1b580a9483b477d09 '   itemscope=\"itemscope\" itemtype=\"https:\/\/schema.org\/CreativeWork\" ><div class='avia_textblock av_inherit_color'  itemprop=\"text\" ><blockquote>\n<p><em>Utilizza le tecnologie pi\u00f9 innovative per automatizzare i tuoi processi aziendali! Noi le conosciamo e siamo pronti a sfruttarle per soddisfare le tue necessit\u00e0.<\/em><\/p>\n<\/blockquote>\n<\/div><\/section>\n\n<style type=\"text\/css\" data-created_by=\"avia_inline_auto\" id=\"style-css-av-jvnn8eck-c172719ecb1f40bd9791f7888b699424\">\n#top .hr.hr-invisible.av-jvnn8eck-c172719ecb1f40bd9791f7888b699424{\nheight:50px;\n}\n<\/style>\n<div  class='hr av-jvnn8eck-c172719ecb1f40bd9791f7888b699424 hr-invisible  avia-builder-el-18  el_after_av_textblock  el_before_av_heading '><span class='hr-inner '><span class=\"hr-inner-style\"><\/span><\/span><\/div>\n\n<style type=\"text\/css\" data-created_by=\"avia_inline_auto\" id=\"style-css-av-av_heading-38c12ac64ccb254663d710957d758874\">\n#top .av-special-heading.av-av_heading-38c12ac64ccb254663d710957d758874{\npadding-bottom:25px;\n}\nbody .av-special-heading.av-av_heading-38c12ac64ccb254663d710957d758874 .av-special-heading-tag .heading-char{\nfont-size:25px;\n}\n.av-special-heading.av-av_heading-38c12ac64ccb254663d710957d758874 .av-subheading{\nfont-size:15px;\n}\n<\/style>\n<div  class='av-special-heading av-av_heading-38c12ac64ccb254663d710957d758874 av-special-heading-h3  avia-builder-el-19  el_after_av_hr  el_before_av_textblock  av-linked-heading'><h3 class='av-special-heading-tag '  itemprop=\"headline\"  >ATTIVIT\u00c0 SISTEMISTICA<\/h3><div class=\"special-heading-border\"><div class=\"special-heading-inner-border\"><\/div><\/div><\/div>\n<section  class='av_textblock_section av-jvnn47mz-8402980bc15e563c1287fd5592d7244b '   itemscope=\"itemscope\" itemtype=\"https:\/\/schema.org\/CreativeWork\" ><div class='avia_textblock'  itemprop=\"text\" ><p><!-- wp:paragraph --><\/p>\n<p><span class='av_dropcap2 av-av_dropcap2-9748a9e7bfa4060cd3cfa8398f0a06a5'>O<\/span><strong><em data-rich-text-format-boundary=\"true\">ceans &#038; More<\/em><\/strong> offre assistenza sistemistica e fornisce consulenza in materia di virtualizzazione e problematiche legate alla sicurezza di rete.<\/p>\n<p>Ai servizi di consulenza si aggiunge la rivendita hardware e software; progettazione, rivendita e configurazione di sistemi server e periferiche di rete.<\/p>\n<\/div><\/section>\n<div  class='avia-logo-element-container av-jvnwf6mr-8fbcae5ca21b171cfe2347c33302da4a av-border-deactivate avia-logo-grid avia-content-slider avia-smallarrow-slider avia-content-grid-active noHover avia-content-slider-even  avia-builder-el-21  el_after_av_textblock  el_before_av_textblock  avia-content-slider1' ><div class='avia-smallarrow-slider-heading  no-logo-slider-heading '><div class='new-special-heading'>&nbsp;<\/div><\/div><div class=\"avia-content-slider-inner\"><div class=\"slide-entry-wrap\"><div  class='slide-entry av-av_partner_logo-615615e7425ef6a6212fc5606aad8dcb flex_column no_margin av_one_half real-thumbnail post-entry slide-entry-overview slide-loop-1 slide-parity-odd  first'><a href=\"https:\/\/www.microsoft.com\/\" data-rel='slide-1' class='slide-image' title=''  target=\"_blank\"  rel=\"noopener noreferrer\"><span class='av-partner-fake-img' style='padding-bottom:65.606060606061%; background-image:url(https:\/\/oceansandmore.com\/wp-content\/uploads\/2019\/07\/logo-microsoft-partner.png);'><\/span><\/a><\/div><div  class='slide-entry av-av_partner_logo-680bcef1cbb757482753c4fbf35a1a2c flex_column no_margin av_one_half real-thumbnail post-entry slide-entry-overview slide-loop-2 slide-parity-even  '><a href=\"https:\/\/www.eset.com\/\" data-rel='slide-1' class='slide-image' title=''  target=\"_blank\"  rel=\"noopener noreferrer\"><span class='av-partner-fake-img' style='padding-bottom:65.606060606061%; background-image:url(https:\/\/oceansandmore.com\/wp-content\/uploads\/2020\/09\/ESET-logo-Lozenge-Colour-Dark-Turq-tag-RGB.png);'><\/span><\/a><\/div><\/div><div class=\"slide-entry-wrap\"><div  class='slide-entry av-av_partner_logo-30213a6077cdfbb53491333c5a40d3d4 flex_column no_margin av_one_half real-thumbnail post-entry slide-entry-overview slide-loop-3 slide-parity-odd  first'><a href=\"https:\/\/www.lenovo.com\/\" data-rel='slide-1' class='slide-image' title=''  target=\"_blank\"  rel=\"noopener noreferrer\"><span class='av-partner-fake-img' style='padding-bottom:65.606060606061%; background-image:url(https:\/\/oceansandmore.com\/wp-content\/uploads\/2019\/05\/logo-lenovo-partner.png);'><\/span><\/a><\/div><div  class='slide-entry av-av_partner_logo-4aafc67d960e5fa9f5a7999f21f48f02 flex_column no_margin av_one_half real-thumbnail post-entry slide-entry-overview slide-loop-4 slide-parity-even post-entry-last '><a href=\"https:\/\/www.fortinet.com\/\" data-rel='slide-1' class='slide-image' title=''  target=\"_blank\"  rel=\"noopener noreferrer\"><span class='av-partner-fake-img' style='padding-bottom:65.606060606061%; background-image:url(https:\/\/oceansandmore.com\/wp-content\/uploads\/2019\/07\/logo-fortinet.png);'><\/span><\/a><\/div><\/div><\/div><\/div>\n\n<style type=\"text\/css\" data-created_by=\"avia_inline_auto\" id=\"style-css-av-jvnn6f29-8356fd9bef7fdbf1b580a9483b477d09\">\n#top .av_textblock_section.av-jvnn6f29-8356fd9bef7fdbf1b580a9483b477d09 .avia_textblock{\ncolor:#0062a8;\n}\n<\/style>\n<section  class='av_textblock_section av-jvnn6f29-8356fd9bef7fdbf1b580a9483b477d09 '   itemscope=\"itemscope\" itemtype=\"https:\/\/schema.org\/CreativeWork\" ><div class='avia_textblock av_inherit_color'  itemprop=\"text\" ><blockquote>\n<p><em>Rendi sicura ed efficiente la tua azienda! Noi possiamo aiutarti ad ottenere il massimo dalla tua infrastruttura.<\/em><\/p>\n<\/blockquote>\n<\/div><\/section><\/div>\n<style type=\"text\/css\" data-created_by=\"avia_inline_auto\" id=\"style-css-av-jvnn8eck-c172719ecb1f40bd9791f7888b699424\">\n#top .hr.hr-invisible.av-jvnn8eck-c172719ecb1f40bd9791f7888b699424{\nheight:50px;\n}\n<\/style>\n<div  class='hr av-jvnn8eck-c172719ecb1f40bd9791f7888b699424 hr-invisible  avia-builder-el-23  el_after_av_one_half  avia-builder-el-last '><span class='hr-inner '><span class=\"hr-inner-style\"><\/span><\/span><\/div>\n<!-- \/wp:shortcode -->","protected":false},"excerpt":{"rendered":"","protected":false},"author":1,"featured_media":0,"parent":0,"menu_order":0,"comment_status":"closed","ping_status":"closed","template":"","meta":{"footnotes":""},"class_list":["post-291","page","type-page","status-publish","hentry"],"_links":{"self":[{"href":"https:\/\/oceansandmore.com\/index.php?rest_route=\/wp\/v2\/pages\/291","targetHints":{"allow":["GET"]}}],"collection":[{"href":"https:\/\/oceansandmore.com\/index.php?rest_route=\/wp\/v2\/pages"}],"about":[{"href":"https:\/\/oceansandmore.com\/index.php?rest_route=\/wp\/v2\/types\/page"}],"author":[{"embeddable":true,"href":"https:\/\/oceansandmore.com\/index.php?rest_route=\/wp\/v2\/users\/1"}],"replies":[{"embeddable":true,"href":"https:\/\/oceansandmore.com\/index.php?rest_route=%2Fwp%2Fv2%2Fcomments&post=291"}],"version-history":[{"count":54,"href":"https:\/\/oceansandmore.com\/index.php?rest_route=\/wp\/v2\/pages\/291\/revisions"}],"predecessor-version":[{"id":2184,"href":"https:\/\/oceansandmore.com\/index.php?rest_route=\/wp\/v2\/pages\/291\/revisions\/2184"}],"wp:attachment":[{"href":"https:\/\/oceansandmore.com\/index.php?rest_route=%2Fwp%2Fv2%2Fmedia&parent=291"}],"curies":[{"name":"wp","href":"https:\/\/api.w.org\/{rel}","templated":true}]}}